is divided by 3?
2
Suppose -4*y - n + 7 = 0, 5*n = -y - 4 + 1. Suppose -3*i = i - u + 82, y*u = 2*i + 44. What is the remainder when (-176)/(-10) - 8/i is divided by 10?
8
Suppose 5*c + 2*c - 98 = 0. What is the remainder when 80 is divided by c?
10
Calculate the remainder when (10/(-6))/5*-87 is divided by 10.
9
Let k = 4 - -4. Calculate the remainder when (1/3)/((-5)/(-210)) is divided by k.
6
Let b = 42 - 30. Suppose 5*u - 117 = -d, 2*u = 4*u + 2*d - 50. What is the remainder when u is divided by b?
11
Suppose 5*z + 174 = 3*w, -3*z - 2*w - 108 = -5*w. Let k = z + 46. Calculate the remainder when k is divided by 5*1 + 26/(-26).
1
Let r(b) = b**2 + 3*b - 3. Let o = 8 - 5. Let k(s) = 5*s - 3. What is the remainder when k(o) is divided by r(-5)?
5
Let x(b) = -b**2 - 2*b + 41. Calculate the remainder when x(0) is divided by 14.
13
Suppose -3*x - 17*x + 40 = 0. What is the remainder when -2 + (0 - (0 + -7)) is divided by x?
1
Let z = 114 + -56. What is the remainder when z is divided by 15?
13
Suppose -r + 2*v + 22 = -v, 0 = 3*v. What is the remainder when r is divided by 8?
6
Let l = -4 + 6. Let u(c) = -l - c - c + 5*c + 7*c**2 - c**3. What is the remainder when u(7) is divided by 10?
9
Let z(h) be the third derivative of 1/12*h**5 + 1/24*h**4 + 0*h + 1/120*h**6 + 0*h**3 + 3*h**2 + 0. What is the remainder when 29 is divided by z(-2)?
9
Suppose 4 + 21 = -5*h, -3*m + 2*h = -76. Calculate the remainder when 87 is divided by m.
21
Suppose -2*t + 0 = -4. Suppose 4*l + 178 = t*s, 3*l + 3*s = -0*l - 129. Let w = 1 - l. Calculate the remainder when w is divided by 23.
22
Let a = -47 - -89. Suppose t - 7*r + 3*r - 29 = 0, -3*t = 3*r - a. What is the remainder when t is divided by 6?
5
Let l = 4 + 18. Let a(j) = 3*j**2 - j - 2. What is the remainder when l is divided by a(2)?
6
Suppose 3*w + 2*w - 45 = 0. Calculate the remainder when w is divided by 6.
3
Let i = 19 - 12. What is the remainder when 5/20*(1 + 51) is divided by i?
6
Suppose 3*j - 684 = -j. Suppose 5*r - 104 = j. Calculate the remainder when r is divided by 19.
17
Suppose -492 = -8*f - 108. What is the remainder when f is divided by 26?
22
Let k(x) = -x**3 - x**2 + 2*x - 1. Let p be k(-2). Let q(n) = 10*n**2 - 17*n + 16*n - n**2. Calculate the remainder when 18 is divided by q(p).
8
Let i = -13 - -18. What is the remainder when 12 is divided by i?
2
What is the remainder when 229 is divided by (-90)/(-3) - (5 - 4)?
26
Calculate the remainder when (4/(-3))/((-2)/36) is divided by 13.
11
Calculate the remainder when 29 is divided by (-2)/((-6)/3) + 15.
13
Let o(q) = q**2 - 7*q + 6. Let y be o(6). Suppose -4*h + 268 - 108 = y. Calculate the remainder when h is divided by 14.
12
Suppose 0 = u - 2*u - 2*f + 22, -3*u - f = -61. Suppose -3*q + u = -2*q. Let x = 16 - 9. What is the remainder when q is divided by x?
6
Suppose 0 = 6*q - 8*q + 20. What is the remainder when 28 is divided by q?
8
Let g(n) = 4*n**2 + 2*n - 3. Let q be g(3). Suppose -q = -5*f + 61. What is the remainder when f is divided by 11?
9
Let o = -7 - 5. Suppose 5*n = -w - 4*w + 45, 3 = -n. Calculate the remainder when 65 is divided by 9/o + 273/w.
21
Let y(r) = 16*r - 16. Let f(h) = -h + 1. Let i(n) = 10*f(n) + y(n). What is the remainder when i(4) is divided by 10?
8
Suppose a - 5 - 3 = 0. Calculate the remainder when 55 is divided by a.
7
Let l(q) = -q**3 + 21*q**2 + 25*q - 24. Suppose 3*d = 6*d - 66. Calculate the remainder when l(22) is divided by d.
20
Let k(j) = 2*j**2 - 6*j - 5. Let u be k(5). Suppose -u = -3*a + 6*a, -a - 68 = -3*m. What is the remainder when m is divided by 6?
3
What is the remainder when 29 is divided by ((-36)/(-30))/((-12)/(-160))?
13
What is the remainder when 516/66 - 4/(-22) is divided by 3?
2
Let b = 9 - 5. Suppose b*v = 3*a + 154, -3*v - 4*a + 164 = 36. Calculate the remainder when v is divided by -6 + (-9)/((-45)/100).
12
Let s(r) = -r**3 + 8*r**2 - 2*r - 1. Suppose 0*l + 9 = l - 2*d, -2*l + 18 = -5*d. What is the remainder when s(7) is divided by l?
7
Let i = 294 - 152. Calculate the remainder when i is divided by 36.
34
Let x(z) = 17*z + 1. Let i = 11 - 10. What is the remainder when x(i) is divided by 10?
8
Let c = 2 - -12. What is the remainder when 55 is divided by c?
13
Let s(x) = -x**3 + 9*x**2 + 11*x + 2. Let u be ((-8)/20)/((-1)/25). What is the remainder when 46 is divided by s(u)?
10
Suppose -23 = -3*s - p, -2*s = -6*s - 2*p + 28. What is the remainder when 25 is divided by s?
7
Let v = -5 - -8. Let f(n) = -3*n**3 - 2*n**2 - 3*n**v - n**3 - n. What is the remainder when f(-1) is divided by 3?
0
Let a = 51 + -35. Suppose 20 = -4*p + 5*p - 4*w, a = 5*p + w. Let o = 1 + 5. Calculate the remainder when o is divided by p.
2
Suppose -20 = -2*w + 68. Calculate the remainder when w is divided by 24.
20
Let j = -91 + 109. What is the remainder when 30 is divided by j?
12
Suppose 3 = -2*q + 11. Calculate the remainder when 8 is divided by q.
0
Suppose 17*o - 20*o + 60 = 0. Calculate the remainder when 79 is divided by o.
19
Let o(t) = -27*t - 3. What is the remainder when o(-1) is divided by 13?
11
Suppose 2 = 2*v - 4. What is the remainder when 0/2 + (5 - 1) is divided by v?
1
Let j = 177 + -165. What is the remainder when 83 is divided by j?
11
Let i = 7 - 13. Let m = 17 + i. Let h = 23 - m. What is the remainder when 22 is divided by h?
10
Suppose 3*f = -5*q + 52 - 15, -f + 2*q + 5 = 0. Suppose -2*z - 3*z = -10. Calculate the remainder when f is divided by 9/(-12)*-4 + z.
4
Suppose 2*k - 224 = -2*k. Suppose -k = -2*l - 0. Calculate the remainder when l is divided by 15.
13
Let o(b) = b**2 - 2. Let z be o(2). Let m(v) = -5*v + 3*v - 1 + 13*v**2 - 5*v**z. What is the remainder when m(-2) is divided by 12?
11
Suppose -c = -2*u + 45, 5*u - 17 - 97 = 3*c. Calculate the remainder when u is divided by 11.
10
Let w(g) be the second derivative of 3/2*g**3 - 1/12*g**4 + 3*g - 5/2*g**2 + 0. Calculate the remainder when 16 is divided by w(7).
7
Calculate the remainder when (3 + -12)/3 - -7 is divided by 1.
0
Suppose 4*a - 56 = 48. Let l be (-160)/(-6) + 3/9. Suppose 2*u + l = 5*u. Calculate the remainder when a is divided by u.
8
Let x(j) = j**2 + 2*j - 3. What is the remainder when x(-7) is divided by 25?
7
Suppose -6 = -5*l + 2*l. Suppose 17 + 3 = l*c. Calculate the remainder when 19 is divided by c.
9
Let t = -14 + 17. Suppose 4*s = 5*z + 3, -t*z + 11 = 4*s - 0*z. What is the remainder when 4 is divided by s?
0
Suppose 2*a = -2*t + 6, -5*t = -4*a - 2 + 5. Let s(w) = w**2 + 6*w - 2. Let j be s(-5). Let r(v) = -v - 5. Calculate the remainder when r(j) is divided by t.
0
Suppose -4*n + 310 = -3*p + 2*p, 76 = n - p. Calculate the remainder when n is divided by 41.
37
Suppose -3*n + 5*l + 5 = 0, -5*n - 2*l + 5*l + 35 = 0. Let r = -4 + 7. What is the remainder when n is divided by r?
1
Suppose o = k + 2, 0 = -5*o + 3*k - 7 + 23. Suppose 0*m + 545 = o*m. Calculate the remainder when m is divided by 28.
25
Calculate the remainder when ((-600)/210)/(0 - 2/14) is divided by 5.
0
Let f = -7 - -3. Let r = f - -15. What is the remainder when 32 is divided by r?
10
Suppose 2*m = -0*m + 54. Calculate the remainder when m is divided by 14.
13
Suppose 0 = t - 4, -5*r - 2*t = -42 - 136. Calculate the remainder when 63 is divided by r.
29
Let l(i) = -i**3 + 6*i**2 + 5*i + 5. Suppose 12 + 8 = 5*u. Suppose 2*p + 6 = y, -u*y + 2*p + 39 = -p. Calculate the remainder when l(6) is divided by y.
11
Calculate the remainder when 21 is divided by -3 - 11/1*-1.
5
Suppose -3*w + y - 5*y + 155 = 0, 3*y + 75 = 2*w. Suppose 30 = 2*h + 3*i, 0 = h + 6*i - i - 22. Calculate the remainder when w is divided by h.
9
Let f(h) = h**2 + 6*h + 5. Let g be f(-6). Suppose -4*r + g*r = 35. Calculate the remainder when r is divided by (-11)/(-1) - (-1)/1.
11
Suppose -6*m - 5*c - 5 = -m, 0 = 4*m - 4*c - 4. Suppose -5*t + 0*t = y + 16, m = -3*t - 12. Calculate the remainder when -2 - (10/(-1) - 2) is divided by y.
2
Let w = -20 - -26. What is the remainder when 10 is divided by w?
4
Let x(y) = -y + 1. Let z be x(11). What is the remainder when 12 is divided by z/(-4) + 4/8?
0
Let n(q) = -4*q + 1. What is the remainder when n(-7) is divided by 8?
5
Suppose 34 = 4*k - 2*z, 8 = -4*k + 5*z + 33. Let m = 27 - k. What is the remainder when (-4)/(-22)